+ 17*t. Let c = t + -69. Give k(c).
1
Let i = -5 - -3. Let g(f) be the first derivative of 2*f**2 - f - 37370. Determine g(i).
-9
Let g(j) = -3*j**3 + 7*j**2 + 7*j - 3. Let p(h) = -h**3 + 3*h**2 + 3*h - 2. Let y(v) = -2*g(v) + 5*p(v). Let s = 210768 - 210771. Calculate y(s).
-25
Let f(u) = -10888182 - u**3 + 13*u**2 - 6*u - u**3 + 10888180. Determine f(6).
-2
Let q(g) = 2 + 355074*g**2 - 355083*g**2 - 2 - g - 1. Calculate q(-3).
-79
Let s(y) = 14 - 77 - 3*y - 64 - 8*y + 19. What is s(-9)?
-9
Let t(h) = -10*h**2 - h - 1. Suppose -s = -5*b + 6, 50*b = 4*s + 46*b + 8. Give t(s).
-10
Let k = -302 - -306. Let g(x) = 4*x + k - 1 + 13*x**2 - 8*x**2 - 4*x**2. Give g(-2).
-1
Let y(v) = 13*v + 33. Suppose 367*x + 2489 = 829 - 909. Give y(x).
-58
Let z(o) be the third derivative of -o**5/60 + o**4/3 - 4*o**3/3 - 692*o**2. Give z(0).
-8
Let n(o) be the second derivative of -o**5/20 + 17*o**4/12 + 13*o**3/6 + 43*o**2 + 2641*o. Calculate n(18).
-4
Let a(n) = -101*n**3 + 2*n**2 - n. Let l = 10994 - 10993. What is a(l)?
-100
Let k(v) = v + 17. Let s(l) = -1 + 2*l - 6 + 12 + 29. Let d(b) = 7*k(b) - 3*s(b). Give d(-8).
9
Suppose -4*w - 2 = -4*o + 2, 5 = 5*o + 2*w. Let g(l) = -2*l**2 + 7*l. Let u(q) = -q**3 + q**2 - 2*q. Let j(v) = g(v) + 4*u(v). Calculate j(o).
-3
Let l(c) = -2*c**2 - c. Let u(o) = -o**3 + 24*o**2 - 21*o - 52. Let h be u(23). What is l(h)?
-66
Let i(b) be the second derivative of b**5/20 - b**4/3 - 2*b**3/3 - 7*b**2/2 - 4*b + 121. Let y = 2 + 3. Determine i(y).
-2
Let o(l) = 4*l**2 - 2*l**2 + 0*l**2 - 169 + 170. Let n(r) = -7*r**2 - r - 9. Let q(b) = n(b) + 4*o(b). Calculate q(0).
-5
Let b(v) = -v**3 + 4*v**2 + 3*v. Suppose 3 + 21 = 6*u. Suppose -4*t - 25 = -o + t, 12 = u*o + 2*t. What is b(o)?
-10
Suppose 0 = 102*g + 220 + 1004. Let w(t) = -t**3 - 11*t**2 + 28*t + 182. Determine w(g).
-10
Let w(d) be the second derivative of -d**5/20 + 3*d**4/4 + d**3/6 - 5*d**2 - 2101*d. Suppose 0 = m - 5*q - 34, 2*m + 3*q - 30 = -3*m. Give w(m).
-1
Let y = -8 + 12. Let q(t) = t**2 - 7*t. Let m(l) be the second derivative of l**3/6 - 29*l. Let d(b) = -3*m(b) - q(b). Determine d(y).
0
Let o(j) = 4*j**2 - 104*j + 5. Let m be o(26). Let p(h) = -h**2 + 7*h - 9. Give p(m).
1
Suppose 65 = 2*u - 2*r + 3*r, 5*u - 2*r = 167. Let j = -28 + u. Let k(n) = 4*n + 1. Let g(l) = -3*l - 2. Let m(t) = j*k(t) + 6*g(t). Give m(7).
7
Suppose -3*p - f + 6 = -2*f, -2*p + f + 4 = 0. Let x(m) = -6 + 5 + m**p + 3*m - 2*m + 10*m. Give x(-10).
-11
Let w(r) = -1 - r - 6 + 2. Suppose 387*d - 390*d + 12 = 0. Suppose 42 - 18 = -5*o - 2*a, -d*a + 8 = -4*o. Calculate w(o).
-1
Let l = 1569 + -1575. Let f(t) = -289 + t + 295 - 2*t - t**2. What is f(l)?
-24
Let m = 3910 + -3911. Let g(t) = -32*t**3 - 3*t**2 - t. What is g(m)?
30
Let s(c) be the first derivative of -4*c + 3*c**2 - 3 + 2/3*c**3. Give s(-5).
16
Let p(d) = -d**2 - 8*d - 11. Let b(j) = 17*j**2 + 83*j - 17. Suppose -5*t = -5*u + 45, -9*u + 6*u + 22 = -2*t. Let y be b(t). Give p(y).
-4
Let j = -46 - -86. Let r be (-30)/j - 1/4. Let o(v) be the first derivative of -v**4/4 - 2*v**3/3 - v**2/2 + 383. Calculate o(r).
0
Let j(k) = -k**3 + 36*k**2 + 38*k - 43. Let s be 111/(-2)*(52/(-6) + 8)*1. What is j(s)?
-6
Let u(q) = q**3 + 3*q**2 + 2*q + 7. Let p be u(-3). Suppose p = -2*z + 5. Let w(b) = -29*b**z - 37*b**2 - b**3 - 28*b**2 - 7 + 101*b**2 - 2*b. Give w(7).
-21
Let y = 38291 + -38296. Let p(v) = v**2 - 24*v - 148. Calculate p(y).
-3
Let f(m) = 4*m - 6. Let g be f(3). Suppose -4*a = g*a. Suppose 5*q - 2*y + 3 = 0, -3 + a = 3*y. Let h(s) = 2*s. Give h(q).
-2
Let y(p) = -13*p**2 - 18*p + 6. Let f(i) = -24*i**2 - 34*i + 14. Let t(m) = -3*m**2 - 67*m + 40. Let g be t(-23). Let j(n) = g*f(n) + 11*y(n). Determine j(-8).
-2
Let i(z) = -12*z + 781. Let f(b) = 391*b - 25001. Let q(v) = 5*f(v) + 161*i(v). What is q(-32)?
0
Let f(s) = 13*s - 33. Suppose -5*n + 2*d - 48 = 0, n - 8 = -13*d + 9*d. What is f(n)?
-137
Let y(h) = -h + 1. Let x = -9 + 4. Let d(v) = -342*v - 350. Let a be d(-1). Let s = a - x. Calculate y(s).
4
Let t(l) be the second derivative of -l**3/3 + 3*l**2 - l. Let q be 12/9*((-24222)/8)/(-11). Let p = -362 + q. Give t(p).
-4
Suppose 0 = 4*x + l - 13, x + 5*l = -11. Let t(p) be the second derivative of -16*p + 1 + 1/6*p**3 + 5/2*p**2. What is t(x)?
9
Let d(s) be the third derivative of -s**4/12 - 5*s**3/6 + 113*s**2. Let i(y) = 6*y + 15. Let j(r) = -8*d(r) - 3*i(r). What is j(0)?
-5
Let m(w) = -w**2 - 13*w - 24. Suppose 4*n - 5*d + 28 = 3*n, -59 = 5*n + 2*d. Calculate m(n).
-24
Let u(v) = -3*v - 36. Suppose 0 = 4*b - 2*n + 62, 3*b + 5*n = -34 - 19. Give u(b).
12
Suppose -53*y + 39*y = -28. Let p(q) = 3*q - y*q**2 + 27 - 28 + 2*q. Give p(4).
-13
Let c be -11 - 3 - 4 - -19. Let v(t) = 16*t - 26. Calculate v(c).
-10
Let t be 11/(462/(-12))*(2 + -16). Suppose -t*f - 27 = -47. Let w(c) = c - 3. What is w(f)?
2
Let b(l) = l + 54. Let p be b(15). Let r = p - 63. Let w(n) be the first derivative of -n**2/2 + 8*n + 2. Give w(r).
2
Let b(n) = n**2 + 8*n - 1. Let u be b(-4). Let p(d) = -2*d - 12. Calculate p(u).
22
Let k(h) = 2 + 5 - 7*h**3 - 35*h**2 + 40671*h - 40675*h. Determine k(-5).
27
Let h be 687 + (4 - (4 - 4)). Let g = h - 674. Let s(b) = -b**2 + 17*b - 7. Determine s(g).
-7
Let w be (57 + -62)*(24/(-10))/2. Let y(b) = w + 6*b + 8*b - 15*b + 3*b - b**2 + 2*b. What is y(7)?
-15
Let z(c) = -4*c - 1. Let d(r) = 5*r. Let f(q) = 3*d(q) + 2*z(q). Suppose 2*h - 239*u + 243*u + 18 = 0, 4*h = 2*u + 4. Give f(h).
-9
Suppose 0 = -3*x + 3*n + 15, x + n + 14 - 9 = 0. Let d(l) = -13*l + 4. What is d(x)?
4
Let k(q) be the second derivative of -65*q**3/6 + 2*q**2 + 7481*q. Give k(2).
-126
Let v(y) be the second derivative of -3*y**5/20 - y**2/2 + 10*y. Let t = 660 - 661. Calculate v(t).
2
Suppose o - 4*c + 23 = 0, -3*c + 19 - 4 = 0. Let m(j) = 6*j**2 + 8*j - 12. What is m(o)?
18
Let p(q) = -2*q - 17. Let z be p(-11). Suppose 2*v + v = z*h + 4, -1 = -v + 2*h. Let m(n) = -2*n + 2. Give m(v).
-4
Let x(c) = -c**2 + 9*c - 17. Let d be x(7). Let f(j) = -2*j**2 - 6*j - 7. Calculate f(d).
-7
Let i(q) be the second derivative of -29*q**3/6 - 116*q + 6. Determine i(-2).
58
Let l(i) = -4*i - 3. Let m(f) = -3*f - 4. Let y(d) = 4*l(d) - 3*m(d). Let j be 1/(((-1)/(-2))/(22/44)). Calculate y(j).
-7
Suppose -200 = -16*n + 41*n. Let l(f) = f**2 + 12*f + 39. Calculate l(n).
7
Let w(h) = -979 + 490 + 491 - 3*h**2 + 2*h**2. Let z(m) = m**2. Let q(d) = 5*d**2 - 7*d - 6. Let p(x) = q(x) - 4*z(x). Let k be p(8). Calculate w(k).
-2
Let h(m) = m - 3. Let i be h(5). Let d(n) = -6*n**i - 5*n**2 + 15*n**2 - 10 - 5*n**2 + 11*n. What is d(8)?
14
Let y be (-2 - -6 - 29) + (-9 - -6). Let n be y/(-6) + 5 + (-4)/(-12). Let a(c) = 2*c - 13. Give a(n).
7
Suppose 17*f + 26 - 16 = 95. Let r(q) = q**2 + 12*q - 44. Give r(f).
41
Let z(g) = -9*g + 1. Let i be (-7)/(-3) - (-14)/21. Suppose 2*d - 4*d = -2*u + 6, u = i*d - 1. Suppose 4*k + a + d*a = -2, a - 2 = -4*k. Calculate z(k).
-8
Suppose 0 = 38*w - 1707 + 1783. Let f(y) = -y**3 + y - 4*y + 5*y**2 - 2 - 6*y**2. Give f(w).
8
Let j(y) = 4 + 0 + 0 + y. Let p(k) = 6*k + 25. Let z(d) = -39*j(d) + 6*p(d). Let n = 746 + -750. Give z(n).
6
Let k(u) = -110*u**2 - 6*u + 19. Let y(a) = 236*a**2 + 11*a - 39. Let o(i) = 15*k(i) + 7*y(i). Determine o(7).
19
Let a(z) be the first derivative of -74 + 13 - z**2 + 8*z**2 - 3*z**2. Give a(-1).
-8
Let j(u) = 2*u + 1. Suppose 6*x - 545 - 487 = 0. Let w = -176 + x. Calculate j(w).
-7
Let d = -380 + 382. Let h(k) = -32 - k**3 + 53 - d*k + 4*k**2 - 23. Calculate h(2).
2
Let a = 289 + -287. Let d(g) = -5*g**a - 11 + 0*g**2 + 5*g**2 + 102*g - 91*g + g**2. Calculate d(-11).
-11
Let x(z) = 9*z + 12. Let t be 3/(-24) + (-66)/(-16). Let o(u) = 25*u + 37. Let c(g) = t*o(g) - 11*x(g). What is c(-10)?
6
Let o = 538 + -539. Let v(c) = 8*c**2 - 1 + 2 + 3 + 0*c**2 + 5*c. Let s be v(o). Let q(y) = y**3 - 8*y**2 + 7*y + 8. Give q(s).
8
Let j(n) = n**3 + 9*n**2 + 3. Suppose -1935 = 89*k - 8*k + 134*k. Give j(k).
3
Let j(w) = 3*w + w**3 - 4*w + 2*w - 20*w**2 + 24*w**2. Let z = 683 + -687. Determine j(z).
-4
Suppose 0 = 5*b + 4*b - 27. Let d(n) = -21*n + n**2 + 3 - b*n + 15*n. Determine d(9).
3
Let j(d) be the first derivative of -3*d**3 + 2*d + 484. What is j(-3)?
-79
Let l = -3 - 1. Let d(q) = -32*q**2 + 0 - 3*q + 3 + 0 